at is the remainder when 206047 is divided by 47?
46
What is the remainder when 951839 is divided by 57?
53
Calculate the remainder when 5106 is divided by 135.
111
Calculate the remainder when 3925 is divided by 486.
37
What is the remainder when 515 is divided by 43?
42
What is the remainder when 13057 is divided by 80?
17
What is the remainder when 4315 is divided by 293?
213
What is the remainder when 54895 is divided by 27430?
35
Calculate the remainder when 12490 is divided by 657.
7
Calculate the remainder when 15796 is divided by 5264.
4
What is the remainder when 21642 is divided by 10820?
2
What is the remainder when 4340 is divided by 64?
52
What is the remainder when 2415 is divided by 32?
15
Calculate the remainder when 53161 is divided by 141.
4
Calculate the remainder when 17114 is divided by 222.
20
What is the remainder when 30355 is divided by 60?
55
What is the remainder when 23379 is divided by 111?
69
Calculate the remainder when 5357 is divided by 532.
37
Calculate the remainder when 539 is divided by 191.
157
Calculate the remainder when 8987 is divided by 2972.
71
Calculate the remainder when 16671 is divided by 1100.
171
What is the remainder when 1852 is divided by 15?
7
What is the remainder when 1637 is divided by 880?
757
What is the remainder when 2885 is divided by 47?
18
What is the remainder when 1373 is divided by 1283?
90
What is the remainder when 4159 is divided by 119?
113
What is the remainder when 7997 is divided by 588?
353
What is the remainder when 17667 is divided by 1220?
587
Calculate the remainder when 16636 is divided by 507.
412
What is the remainder when 2501 is divided by 599?
105
What is the remainder when 30573 is divided by 10191?
0
Calculate the remainder when 16535 is divided by 868.
43
What is the remainder when 2038 is divided by 134?
28
What is the remainder when 19368 is divided by 2763?
27
What is the remainder when 938692 is divided by 67049?
6
What is the remainder when 685 is divided by 669?
16
Calculate the remainder when 29986 is divided by 126.
124
What is the remainder when 781701 is divided by 63?
60
What is the remainder when 8902 is divided by 2166?
238
Calculate the remainder when 2116 is divided by 106.
102
Calculate the remainder when 969 is divided by 901.
68
What is the remainder when 4457 is divided by 907?
829
What is the remainder when 10402 is divided by 11?
7
Calculate the remainder when 738212 is divided by 73821.
2
What is the remainder when 19163 is divided by 1007?
30
Calculate the remainder when 3206 is divided by 73.
67
Calculate the remainder when 58704 is divided by 8367.
135
Calculate the remainder when 373013 is divided by 41.
36
Calculate the remainder when 96035 is divided by 13709.
72
Calculate the remainder when 32108 is divided by 8020.
28
What is the remainder when 3441 is divided by 855?
21
Calculate the remainder when 789258 is divided by 783.
777
What is the remainder when 194159 is divided by 603?
596
Calculate the remainder when 1203 is divided by 709.
494
Calculate the remainder when 915 is divided by 542.
373
What is the remainder when 4767 is divided by 62?
55
Calculate the remainder when 8273 is divided by 519.
488
What is the remainder when 10249 is divided by 109?
3
What is the remainder when 737661 is divided by 36?
21
What is the remainder when 3504 is divided by 47?
26
What is the remainder when 320156 is divided by 2444?
2436
What is the remainder when 74045 is divided by 301?
300
Calculate the remainder when 838 is divided by 47.
39
Calculate the remainder when 13991 is divided by 43.
16
Calculate the remainder when 2558 is divided by 815.
113
What is the remainder when 4525 is divided by 2120?
285
What is the remainder when 2504 is divided by 500?
4
Calculate the remainder when 2771 is divided by 463.
456
What is the remainder when 72030 is divided by 69?
63
Calculate the remainder when 112783 is divided by 234.
229
Calculate the remainder when 22875 is divided by 93.
90
What is the remainder when 93 is divided by 48?
45
Calculate the remainder when 2478 is divided by 824.
6
What is the remainder when 4970237 is divided by 42?
41
Calculate the remainder when 106550 is divided by 53255.
40
Calculate the remainder when 7345 is divided by 1725.
445
Calculate the remainder when 138645 is divided by 100.
45
What is the remainder when 49621 is divided by 636?
13
Calculate the remainder when 109230 is divided by 192.
174
Calculate the remainder when 44191 is divided by 4910.
1
What is the remainder when 16053 is divided by 5345?
18
Calculate the remainder when 1882 is divided by 70.
62
What is the remainder when 4330 is divided by 1079?
14
Calculate the remainder when 6834 is divided by 3399.
36
Calculate the remainder when 40234 is divided by 20.
14
What is the remainder when 60700 is divided by 7?
3
What is the remainder when 23163 is divided by 99?
96
Calculate the remainder when 2278 is divided by 1108.
62
What is the remainder when 16239 is divided by 82?
3
Calculate the remainder when 13193 is divided by 6564.
65
Calculate the remainder when 1497562 is divided by 55465.
7
What is the remainder when 12048 is divided by 50?
48
What is the remainder when 5805 is divided by 75?
30
What is the remainder when 2854 is divided by 289?
253
Calculate the remainder when 1981 is divided by 225.
181
What is the remainder when 90349 is divided by 1238?
1213
Calculate the remainder when 1885753 is divided by 1189.
1188
Calculate the remainder when 1787 is divided by 804.
179
Calculate the remainder when 1493 is divided by 664.
165
Calculate the remainder when 506251 is divided by 424.
419
Calculate the remainder when 16686 is divided by 832.
46
What is the remainder when 1934 is divided by 604?
122
What is the remainder when 142054 is divided by 14?
10
Calculate the remainder when 4827 is divided by 71.
70
Calculate the remainder when 94371 is divided by 87.
63
Calculate the remainder when 49287 is divided by 1539.
39
What is the remainder when 8489085 is divided by 576?
573
What is the remainder when 517 is divided by 22?
11
Calculate the remainder when 7062 is divided by 118.
100
What is the remainder when 9306 is divided by 26?
24
What is the remainder when 4212 is divided by 1154?
750
What is the remainder when 99445 is divided by 38?
37
Calculate the remainder when 2033157 is divided by 120.
117
What is the remainder when 221428 is divided by 39?
25
Calculate the remainder when 3537 is divided by 110.
17
Calculate the remainder when 529530 is divided by 896.
890
Calculate the remainder when 21248 is divided by 4249.
3
What is the remainder when 68159 is divided by 426?
425
Calculate the remainder when 63552 is divided by 49.
48
Calculate the remainder when 6118 is divided by 48.
22
Calculate the remainder when 25523 is divided by 12720.
83
Calculate the remainder when 138080 is divided by 471.
77
Calculate the remainder when 76754 is divided by 255.
254
Calculate the remainder when 2421 is divided by 380.
141
Calculate the remainder when 701114 is divided by 41241.
17
Calculate the remainder when 3271 is divided by 164.
155
What is the remainder when 36357 is divided by 360?
357
What is the remainder when 421720 is divided by 210856?
8
What is the remainder when 465021 is divided by 214?
213
What is the remainder when 45306 is divided by 302?
6
Calculate the remainder when 27296 is divided by 445.
151
Calculate the remainder when 45632 is divided by 267.
242
Calculate the remainder when 16206 is divided by 180.
6
Calculate the remainder when 914 is divided by 467.
447
Calculate the remainder when 10271 is divided by 2267.
1203
What is the remainder when 4580 is divided by 410?
70
What is the remainder when 10998 is divided by 25?
23
Calculate the remainder when 8563 is divided by 856.
3
What is the remainder when 25814 is divided by 331?
327
Calculate the remainder when 32792 is divided by 6545.
67
What is the remainder when 24595 is divided by 303?
52
Calculate the remainder when 165109 is divided by 13759.
1
Calculate the remainder when 7621 is divided by 1365.
796
What is the remainder when 118153 is divided by 79?
48
Calculate the remainder when 1394 is divided by 464.
2
What is the remainder when 102028 is divided by 1479?
1456
What